u(r) = r**3 - 2*r**2 - 2 + 3 - 2 + 0*r**3 + t*r. Determine u(g).
0
Let k(m) = 20*m**3 - 11*m**2 + 3*m + 72. Let u(y) = 7*y**3 - 4*y**2 + y + 25. Let g(v) = -6*k(v) + 17*u(v). What is g(-3)?
5
Let z = -24 - -25. Let b(d) be the third derivative of 0 + 3*d**2 + 0*d - 7/24*d**4 + 1/6*d**3. Give b(z).
-6
Let o(v) = -3*v**2 - 32*v - 39. Let f(u) = -u**2 - 10*u - 12. Let y(n) = -19*f(n) + 6*o(n). Calculate y(4).
2
Let s(x) = -3*x + 3. Let y(k) = k**3 + k + 1. Let o(d) = -4*d**3 - 25*d**2 - d + 45. Let u(q) = -o(q) - 3*y(q). Let c be u(-25). Give s(c).
-3
Let f(t) = -2*t**2 + 25*t - 52. Let a be f(10). Suppose 0 = 3*l + 3. Let r(g) = 3*g - 3. Let w(j) = -j + 1. Let m(y) = a*w(y) + l*r(y). Give m(-1).
2
Suppose 4*l = -26 + 10. Let z(y) = 5*y**2 - 14*y + 5. Let c(f) = -6*f**2 + 15*f - 5. Let k(p) = l*c(p) - 5*z(p). Determine k(10).
-5
Let n(p) = 14*p**2 + 3*p**2 + 5*p**3 - 5*p**3 - 19*p + p**3 + 3. Let x be n(-18). Suppose 5 = x*l - 20*l. Let g(y) = -y**2 + 5*y - 3. What is g(l)?
-3
Let k(o) be the first derivative of o**4/24 + o**3/3 + 9*o**2/2 - 2. Let h(i) be the second derivative of k(i). Calculate h(4).
6
Let f(d) = -7*d**2 - 8*d + 82 - 88 - 5*d. Let s(y) = y**2 + y. Let k(i) = f(i) + 6*s(i). Let p(h) = -2*h**3 + 3*h**2 - h + 2. Let l be p(2). Calculate k(l).
6
Let a(x) be the first derivative of -x**3/3 - 3*x**2 - x + 6. Let u(q) = q**3 - 2*q**2 + q - 4. Let k be u(3). Let v be 4/(2*(-4)/k). Determine a(v).
7
Let f(u) = -u**3 + 3*u**2 + 2*u + 2. Suppose 3*i = -71 + 83. What is f(i)?
-6
Let w(z) be the third derivative of -1/120*z**6 - 8*z**2 - 4/3*z**3 - 1/10*z**5 + 0 + 7/24*z**4 + 0*z. What is w(-7)?
-8
Let c = -1266 + 1277. Let v(b) = -2*b**2 + 23*b - 8. Give v(c).
3
Let o(r) be the third derivative of -r**4/8 - 29*r**3/6 - 15*r**2 + 2*r. Give o(-13).
10
Suppose -4*g = -5*k - 10, 18*g - 20*g - k = -12. Let y(i) = 4*i - 1. Calculate y(g).
19
Let a(j) = j**2 + 16*j + 20. Let z = 247 + -261. Calculate a(z).
-8
Let t(b) be the first derivative of -1/4*b**4 + b - 2*b**3 + 1 - 5/2*b**2. Give t(-5).
1
Let u(k) = k**2 - 5*k + 6. Let d be 40 + (-3 - (3 - 11)). Suppose -10*t + d = -15. Determine u(t).
12
Let k(x) = -31*x**2 + 10*x - 17. Let i(s) = 20*s**2 - 7*s + 12. Let a(d) = 7*i(d) + 5*k(d). What is a(1)?
-15
Let p(x) = x + 17. Let g(m) = 3*m + 49. Let h(i) = -6*g(i) + 17*p(i). Determine h(-9).
4
Let f(d) = -1 - d - d**2 + 6*d + 4. Let n(t) = -t**3 - 10*t**2 - 23*t + 17. Let m be n(-5). What is f(m)?
-11
Let v = -3 - -7. Let h = -1 + v. Suppose -h*r + 7 = -8. Let t(w) = w**2 - 5*w + 3. Give t(r).
3
Let r be 3 - (3 + (-11 - 2)). Let p = r + -9. Suppose 0 = -2*d + 5*z - 3*z - 4, 12 = -p*d + 3*z. Let n(t) = -t**3 - 6*t**2 + t + 8. Give n(d).
2
Let n(d) = -d**2 - 3*d + 4. Suppose -21*v = -28*v + 35. Let b = v + -9. Determine n(b).
0
Let d(a) = -1 - a**2 + 13 - 21 - 9*a - 2. Calculate d(-8).
-3
Let s(j) = 14*j - 1. Let x = -7 - -9. Let h(z) = -z - 20*z + x - 7*z. Let r(c) = -6*h(c) - 13*s(c). What is r(1)?
-13
Let x = 1 + -21. Let v = 16 + x. Let p(g) = -g + g + 2*g - 2. What is p(v)?
-10
Let m(f) = 2*f + 44. Let b = 8 - 32. Let g be m(b). Let h(y) = y + 1. Give h(g).
-3
Let t(a) be the third derivative of a**6/120 - a**5/6 + 7*a**4/24 + 11*a**3/6 + 129*a**2. What is t(9)?
-7
Let k be (2/3)/((-1)/3). Let h(s) = s**2 - s - 5. Let y be h(-4). Let j(x) = x**3 - 12*x**2 - 2*x**2 + 1 - x + y*x**2. What is j(k)?
-1
Let s(r) = -r**2 + 12*r + 15. Let v be s(13). Let c(m) = v*m + 15 - 17 - 7*m. Calculate c(-2).
8
Let q(n) be the first derivative of n**3/3 - 3*n**2 - 9*n + 199. Give q(10).
31
Let a(s) = s**3 + 7*s**2 + 9*s - 10. Let w be a(-5). Let k(t) = -4*t**2 + 10*t - 7. Let d(g) = g**2 - g + 1. Let p(x) = w*d(x) - k(x). What is p(-6)?
-4
Let v = -20 + 24. Let r(i) = i**3 - 5*i**2 + 2*i - 6. Calculate r(v).
-14
Let a(p) = -p**3 + 13*p**2 - 21*p - 9. Let k be a(11). Suppose 0 = -4*q - k + 6. Let v(t) = -t + 2*t - 2*t**2 - 1 + 14*t**2. Give v(q).
12
Let l(h) be the third derivative of -1/15*h**5 + 0*h + 0 + 1/12*h**4 + 29*h**2 + 2/3*h**3 + 1/120*h**6. Determine l(3).
1
Let k(x) = x**3 + 3*x**2 - 2*x + 1. Let s = -5 - -2. Give k(s).
7
Let w(k) = 6*k - 1. Let l be 2/1 + 6/(-3). Suppose 5*t = -s - 4 + 35, l = -4*s + 4. Suppose 1 = -2*q + m + 5, -t = -3*q + 3*m. Determine w(q).
11
Suppose -m - 4 = 0, -h - 4*m + 3*m = 0. Suppose 3*b = b + h*r, -4*b = 2*r - 10. Let q(t) be the third derivative of t**5/20 - t**3/3 + t**2. What is q(b)?
10
Let g(k) = -2*k**3 + 21*k**2 - 16*k - 10. Let o be g(9). Let y = -84 + o. Let j(i) = i**3 - 4*i**2 - 3*i + 2. Calculate j(y).
12
Let n(b) = b**2 + 4*b - 4. Let s be 3 - (0 + -2)/(-2). Suppose -s*k - 10 = -28. Suppose 16 = -k*d + 4*d + 3*o, -4*d - 8 = -4*o. Give n(d).
1
Let i(q) = -q**2 + 2*q. Suppose 2*b - 4*o = -216, -3*b + 6*b + 324 = -o. Let x = b - -111. Determine i(x).
-3
Let m(n) = -n**2 - 17*n + 4. Let g be m(-17). Let z(u) = u - 5. Let k be z(g). Let x(j) = 3*j + 1. Give x(k).
-2
Let u(g) = -g**2 + 5. Let p(j) = j - 1. Let w(o) = -o**3 - 6*o**2 - 2*o - 9. Let z be w(-6). Let d(a) = z*p(a) + u(a). Determine d(-2).
-8
Let y(f) = -16*f - 23*f + 79*f - 12*f - 14*f. What is y(3)?
42
Let z = 5 + 0. Suppose 0*h - 4*h = -8. Let u(l) = l - 6 - h*l + 2*l. What is u(z)?
-1
Let m(v) = v**3 - 3*v**2 - 5*v + 6. Let u be m(4). Suppose 5*l = -u*o - 2, -l - 4*l = -3*o - 3. Suppose -a = -l*a. Let r(h) = -h + 6. Determine r(a).
6
Let y(f) = f - 3. Let g(i) = -i**2 + 11*i + 41. Let p be g(14). Determine y(p).
-4
Let w(g) = -14 + 25 - 45*g - 38*g + 82*g. Determine w(5).
6
Let r(x) = -x**2 + 6*x - 7. Let o be (-2)/3 + 3 + (-106)/(-6). Suppose -5*w = -w - o. What is r(w)?
-2
Let h be 3/3 + (-3)/(-1). Let n(g) be the third derivative of g**4/6 - 5*g**3/6 - 24*g**2. What is n(h)?
11
Let j(z) = 2*z**2 - 3*z - 4. Suppose -x = 3 + 3. Let f(h) = -3*h - 8. Let k be f(x). Suppose -2*m + 4*g = k, 0 = -3*m - 2*g + 12 + 5. Calculate j(m).
5
Let g be (1/3)/((-7)/42*2). Suppose -v = h + 3, -v - 5*h = -3 + 22. Let o(a) = 5*a + 7. Let n(s) = -s - 1. Let k(l) = v*o(l) + 6*n(l). Give k(g).
2
Let v(u) = u**3 + u**2 - u + 1. Suppose 0 = 18*t - 6*t - 240. Let s = t - 20. Calculate v(s).
1
Let g(x) = -x**3 - 13*x**2 + 13*x - 8. Let b be g(-14). Let s(o) = -14 + 6*o - b*o + o + o**2 - o**3. What is s(0)?
-14
Let o(q) = 2*q**2 + q + 1. Let s(j) = -j**3 - 6*j**2 + 6*j - 7. Let c be s(-7). Suppose -5*g + 0 - 10 = c. What is o(g)?
7
Let z(w) = -w**3 - 5*w**2 - 3*w - 2. Let l be z(-4). Let d(n) be the second derivative of -n**5/20 - n**4/2 - n**3/3 + 3*n**2/2 - 6*n. Give d(l).
15
Let q = 181 + -177. Let r(d) = d**3 - 5*d**2 + 4*d - 2. Determine r(q).
-2
Let u(x) = 8*x**2 - 9*x - 2. Let b(v) = -v**2 - 2*v - 2. Let c(w) = 2*w**2 + 3*w + 3. Let n(j) = -5*b(j) - 3*c(j). Let z(h) = -5*n(h) - u(h). Give z(2).
-7
Let u(g) = g**2 + 7*g - 4. Let i(k) = -2*k**2 - 15*k + 8. Let q(a) = 3*i(a) + 7*u(a). Suppose -5*l - 11*x = -10*x + 25, 0 = 2*x. Calculate q(l).
1
Let d(c) = 8*c + 51. Let z(v) = 19*v + 203. Let g be z(-11). What is d(g)?
3
Let u = -51 + 56. Let m(r) = -u*r**2 - r**3 - 2*r**2 - 3 + 3*r + 5*r**2 + 2*r. Suppose g + 18 = -g + 5*s, -22 = 4*g - 3*s. Give m(g).
9
Let i(v) = 2*v + 5. Let r(n) = n**3 + 10*n**2 + 6*n - 32. Let x be r(-9). What is i(x)?
-5
Let m(h) be the third derivative of -5*h**4/24 + 2*h**3/3 - 10*h**2. Let z(b) = b - 1. Let a(c) = m(c) + 4*z(c). Calculate a(-4).
4
Suppose -5*j + 22 = -2*j + 4*o, -2*j - 5*o = -10. Let l(i) = -i - 3. Determine l(j).
-13
Let b be 19 + -20 - (-3)/1. Let m(r) = b*r - 7*r + 6*r - 3. Calculate m(-3).
-6
Let k = -1 + 1. Suppose 0 = 4*l - 2*b - 18, 3*l + 1 = 6*l + b. Let t(m) = m**l + m + 8 - 22 + 15. Determine t(k).
1
Let i(d) = d**3 - 6*d**2 + 6*d. Let m = 235 + -230. Give i(m).
5
Suppose 3*y + 12 = -3*t + 33, -3*t + 3*y = 3. Suppose 0 = t*p + 5 - 41. Let m(l) = -9*l + 5 + p*l + l**2 - 8*l. Calculate m(4).
1
Let w be ((-3)/(-8))/(1710/152). Let j(f) be the third derivative of 0 - 5/24*f**4 + 1/120*f**6 - 4*f**2 + w*f**5 + 0*f - 1/2*f**3. Determine j(-3).
3
Let r(c) = -3*c + 12. Let z = -432 - -420. Determine r(z).
48
Suppose 0 = z - 4*z + 6. Let i be ((-9)/3 + 2)*-3. Let k(v) = 0*v - 4 + 2 + i*v. Give k(z).
4
Let x(v) = -v + 11. Suppose 7*f - 33 = 4*f. What is x(f)?
0
Suppose -t + 5*a = -5 - 2, 0 = -t + 3*a - 3. Let r = t - -21. Let